{"id":5332,"date":"2024-11-01T08:22:04","date_gmt":"2024-11-01T07:22:04","guid":{"rendered":"https:\/\/www.lucskyturf.com\/?page_id=5332"},"modified":"2025-12-14T22:20:22","modified_gmt":"2025-12-14T21:20:22","slug":"archives-classements-reports","status":"publish","type":"page","link":"https:\/\/www.lucskyturf.com\/index.php\/archives-classements-reports\/","title":{"rendered":"Archives Classements Reports"},"content":{"rendered":"\n<h3 class=\"wp-block-heading has-text-align-center\">Classement G\u00e9n\u00e9ral Septembre 2025<\/h3>\n\n\n<div class=\"wp-block-image\">\n<figure class=\"aligncenter size-full\"><img loading=\"lazy\" decoding=\"async\" width=\"505\" height=\"598\" src=\"https:\/\/www.lucskyturf.com\/wp-content\/uploads\/2025\/10\/image-3-20251014-102936.png\" alt=\"\" class=\"wp-image-8481\" srcset=\"https:\/\/www.lucskyturf.com\/wp-content\/uploads\/2025\/10\/image-3-20251014-102936.png 505w, https:\/\/www.lucskyturf.com\/wp-content\/uploads\/2025\/10\/image-3-20251014-102936-253x300.png 253w\" sizes=\"auto, (max-width: 505px) 100vw, 505px\" \/><\/figure>\n<\/div>\n\n\n<h3 class=\"wp-block-heading has-text-align-center\">Classement G\u00e9n\u00e9ral Ao\u00fbt 2025<\/h3>\n\n\n<div class=\"wp-block-image\">\n<figure class=\"aligncenter size-full\"><img loading=\"lazy\" decoding=\"async\" width=\"609\" height=\"629\" src=\"https:\/\/www.lucskyturf.com\/wp-content\/uploads\/2025\/08\/image-2-20250831-182830.png\" alt=\"\" class=\"wp-image-8037\" srcset=\"https:\/\/www.lucskyturf.com\/wp-content\/uploads\/2025\/08\/image-2-20250831-182830.png 609w, https:\/\/www.lucskyturf.com\/wp-content\/uploads\/2025\/08\/image-2-20250831-182830-290x300.png 290w\" sizes=\"auto, (max-width: 609px) 100vw, 609px\" \/><\/figure>\n<\/div>\n\n\n<h3 class=\"wp-block-heading has-text-align-center\">Classement G\u00e9n\u00e9ral Final Juillet 2025<\/h3>\n\n\n<div class=\"wp-block-image\">\n<figure class=\"aligncenter size-full\"><img loading=\"lazy\" decoding=\"async\" width=\"521\" height=\"498\" src=\"https:\/\/www.lucskyturf.com\/wp-content\/uploads\/2025\/08\/image-2-20250807-082117.png\" alt=\"\" class=\"wp-image-7797\" srcset=\"https:\/\/www.lucskyturf.com\/wp-content\/uploads\/2025\/08\/image-2-20250807-082117.png 521w, https:\/\/www.lucskyturf.com\/wp-content\/uploads\/2025\/08\/image-2-20250807-082117-300x287.png 300w\" sizes=\"auto, (max-width: 521px) 100vw, 521px\" \/><\/figure>\n<\/div>\n\n\n<h3 class=\"wp-block-heading has-text-align-center\">Classement G\u00e9n\u00e9ral Juin 2025<\/h3>\n\n\n<div class=\"wp-block-image\">\n<figure class=\"aligncenter size-full\"><img loading=\"lazy\" decoding=\"async\" width=\"521\" height=\"499\" src=\"https:\/\/www.lucskyturf.com\/wp-content\/uploads\/2025\/06\/image-1-20250628-213031.png\" alt=\"\" class=\"wp-image-7512\" srcset=\"https:\/\/www.lucskyturf.com\/wp-content\/uploads\/2025\/06\/image-1-20250628-213031.png 521w, https:\/\/www.lucskyturf.com\/wp-content\/uploads\/2025\/06\/image-1-20250628-213031-300x287.png 300w\" sizes=\"auto, (max-width: 521px) 100vw, 521px\" \/><\/figure>\n<\/div>\n\n\n<h3 class=\"wp-block-heading has-text-align-center\">Classement G\u00e9n\u00e9ral Mai 2025<\/h3>\n\n\n<div class=\"wp-block-image\">\n<figure class=\"aligncenter size-full\"><img loading=\"lazy\" decoding=\"async\" width=\"521\" height=\"473\" src=\"https:\/\/www.lucskyturf.com\/wp-content\/uploads\/2025\/05\/image-20250531-155011.png\" alt=\"\" class=\"wp-image-7247\" srcset=\"https:\/\/www.lucskyturf.com\/wp-content\/uploads\/2025\/05\/image-20250531-155011.png 521w, https:\/\/www.lucskyturf.com\/wp-content\/uploads\/2025\/05\/image-20250531-155011-300x272.png 300w\" sizes=\"auto, (max-width: 521px) 100vw, 521px\" \/><\/figure>\n<\/div>\n\n\n<h3 class=\"wp-block-heading has-text-align-center\">Classement Final Avril 2025<\/h3>\n\n\n<div class=\"wp-block-image\">\n<figure class=\"aligncenter size-full\"><img loading=\"lazy\" decoding=\"async\" width=\"521\" height=\"523\" src=\"https:\/\/www.lucskyturf.com\/wp-content\/uploads\/2025\/05\/image-1.png\" alt=\"\" class=\"wp-image-6985\" srcset=\"https:\/\/www.lucskyturf.com\/wp-content\/uploads\/2025\/05\/image-1.png 521w, https:\/\/www.lucskyturf.com\/wp-content\/uploads\/2025\/05\/image-1-300x300.png 300w, https:\/\/www.lucskyturf.com\/wp-content\/uploads\/2025\/05\/image-1-150x150.png 150w\" sizes=\"auto, (max-width: 521px) 100vw, 521px\" \/><\/figure>\n<\/div>\n\n\n<h3 class=\"wp-block-heading has-text-align-center\">Classement G\u00e9n\u00e9ral Mars 2025<\/h3>\n\n\n<div class=\"wp-block-image\">\n<figure class=\"aligncenter size-full\"><img loading=\"lazy\" decoding=\"async\" width=\"809\" height=\"473\" src=\"https:\/\/www.lucskyturf.com\/wp-content\/uploads\/2025\/03\/image-20250330-200105.png\" alt=\"\" class=\"wp-image-6719\" srcset=\"https:\/\/www.lucskyturf.com\/wp-content\/uploads\/2025\/03\/image-20250330-200105.png 809w, https:\/\/www.lucskyturf.com\/wp-content\/uploads\/2025\/03\/image-20250330-200105-300x175.png 300w, https:\/\/www.lucskyturf.com\/wp-content\/uploads\/2025\/03\/image-20250330-200105-768x449.png 768w\" sizes=\"auto, (max-width: 809px) 100vw, 809px\" \/><\/figure>\n<\/div>\n\n\n<h3 class=\"wp-block-heading has-text-align-center\">Classement G\u00e9n\u00e9ral F\u00e9vrier 2025<\/h3>\n\n\n<div class=\"wp-block-image is-style-zoooom\">\n<figure class=\"aligncenter size-full\"><img loading=\"lazy\" decoding=\"async\" width=\"521\" height=\"423\" src=\"https:\/\/www.lucskyturf.com\/wp-content\/uploads\/2025\/03\/image-3.png\" alt=\"\" class=\"wp-image-6454\" srcset=\"https:\/\/www.lucskyturf.com\/wp-content\/uploads\/2025\/03\/image-3.png 521w, https:\/\/www.lucskyturf.com\/wp-content\/uploads\/2025\/03\/image-3-300x244.png 300w\" sizes=\"auto, (max-width: 521px) 100vw, 521px\" \/><\/figure>\n<\/div>\n\n\n<h3 class=\"wp-block-heading has-text-align-center\">Classement G\u00e9n\u00e9ral Final Janvier 2025<\/h3>\n\n\n<div class=\"wp-block-image\">\n<figure class=\"aligncenter size-full\"><img loading=\"lazy\" decoding=\"async\" width=\"360\" height=\"350\" src=\"https:\/\/www.lucskyturf.com\/wp-content\/uploads\/2025\/02\/image-2.png\" alt=\"\" class=\"wp-image-6203\" srcset=\"https:\/\/www.lucskyturf.com\/wp-content\/uploads\/2025\/02\/image-2.png 360w, https:\/\/www.lucskyturf.com\/wp-content\/uploads\/2025\/02\/image-2-300x292.png 300w\" sizes=\"auto, (max-width: 360px) 100vw, 360px\" \/><\/figure>\n<\/div>\n\n\n<h3 class=\"wp-block-heading has-text-align-center\"><strong>Classement G\u00e9n\u00e9ral Final D\u00e9cembre 2024<\/strong><\/h3>\n\n\n<div class=\"wp-block-image\">\n<figure class=\"aligncenter size-full\"><img loading=\"lazy\" decoding=\"async\" width=\"353\" height=\"350\" src=\"https:\/\/www.lucskyturf.com\/wp-content\/uploads\/2025\/01\/image-13.png\" alt=\"\" class=\"wp-image-5954\" srcset=\"https:\/\/www.lucskyturf.com\/wp-content\/uploads\/2025\/01\/image-13.png 353w, https:\/\/www.lucskyturf.com\/wp-content\/uploads\/2025\/01\/image-13-300x297.png 300w, https:\/\/www.lucskyturf.com\/wp-content\/uploads\/2025\/01\/image-13-150x150.png 150w\" sizes=\"auto, (max-width: 353px) 100vw, 353px\" \/><\/figure>\n<\/div>\n\n\n<h3 class=\"wp-block-heading has-text-align-center\">Classement G\u00e9n\u00e9ral Final Novembre 2024<\/h3>\n\n\n<div class=\"wp-block-image\">\n<figure class=\"aligncenter size-full\"><img loading=\"lazy\" decoding=\"async\" width=\"360\" height=\"400\" src=\"https:\/\/www.lucskyturf.com\/wp-content\/uploads\/2024\/12\/image-2.png\" alt=\"\" class=\"wp-image-5622\" srcset=\"https:\/\/www.lucskyturf.com\/wp-content\/uploads\/2024\/12\/image-2.png 360w, https:\/\/www.lucskyturf.com\/wp-content\/uploads\/2024\/12\/image-2-270x300.png 270w\" sizes=\"auto, (max-width: 360px) 100vw, 360px\" \/><\/figure>\n<\/div>\n\n\n<h3 class=\"wp-block-heading has-text-align-center\">Classement g\u00e9n\u00e9ral Octobre 2024<\/h3>\n\n\n<div class=\"wp-block-image\">\n<figure class=\"aligncenter size-full\"><img loading=\"lazy\" decoding=\"async\" width=\"360\" height=\"433\" src=\"https:\/\/www.lucskyturf.com\/wp-content\/uploads\/2024\/11\/image.png\" alt=\"\" class=\"wp-image-5329\" srcset=\"https:\/\/www.lucskyturf.com\/wp-content\/uploads\/2024\/11\/image.png 360w, https:\/\/www.lucskyturf.com\/wp-content\/uploads\/2024\/11\/image-249x300.png 249w\" sizes=\"auto, (max-width: 360px) 100vw, 360px\" \/><\/figure>\n<\/div>\n\n\n<h3 class=\"wp-block-heading has-text-align-center\">Classement g\u00e9n\u00e9ral Septembre 2024<\/h3>\n\n\n<div class=\"wp-block-image is-style-default\">\n<figure class=\"aligncenter size-full\"><img loading=\"lazy\" decoding=\"async\" width=\"360\" height=\"409\" src=\"https:\/\/www.lucskyturf.com\/wp-content\/uploads\/2024\/09\/image-2-20240928-071129.png\" alt=\"\" class=\"wp-image-5058\" srcset=\"https:\/\/www.lucskyturf.com\/wp-content\/uploads\/2024\/09\/image-2-20240928-071129.png 360w, https:\/\/www.lucskyturf.com\/wp-content\/uploads\/2024\/09\/image-2-20240928-071129-264x300.png 264w\" sizes=\"auto, (max-width: 360px) 100vw, 360px\" \/><\/figure>\n<\/div>\n\n\n<h3 class=\"wp-block-heading has-text-align-center\">Classement G\u00e9n\u00e9ral Juin 2024<\/h3>\n\n\n<div class=\"wp-block-image is-style-zoooom\">\n<figure class=\"aligncenter size-full\"><img loading=\"lazy\" decoding=\"async\" width=\"360\" height=\"553\" src=\"https:\/\/www.lucskyturf.com\/wp-content\/uploads\/2024\/06\/image-106.png\" alt=\"\" class=\"wp-image-4526\" srcset=\"https:\/\/www.lucskyturf.com\/wp-content\/uploads\/2024\/06\/image-106.png 360w, https:\/\/www.lucskyturf.com\/wp-content\/uploads\/2024\/06\/image-106-195x300.png 195w\" sizes=\"auto, (max-width: 360px) 100vw, 360px\" \/><\/figure>\n<\/div>\n\n\n<h3 class=\"wp-block-heading has-text-align-center\">Classement G\u00e9n\u00e9ral Mai 2024<\/h3>\n\n\n<div class=\"wp-block-image\">\n<figure class=\"aligncenter size-full\"><img loading=\"lazy\" decoding=\"async\" width=\"443\" height=\"814\" src=\"https:\/\/www.lucskyturf.com\/wp-content\/uploads\/2024\/06\/image-28.png\" alt=\"\" class=\"wp-image-4307\" srcset=\"https:\/\/www.lucskyturf.com\/wp-content\/uploads\/2024\/06\/image-28.png 443w, https:\/\/www.lucskyturf.com\/wp-content\/uploads\/2024\/06\/image-28-163x300.png 163w\" sizes=\"auto, (max-width: 443px) 100vw, 443px\" \/><\/figure>\n<\/div>\n\n\n<h3 class=\"wp-block-heading has-text-align-center\">Classement G\u00e9n\u00e9ral &#8211; Avril 2024<\/h3>\n\n\n<div class=\"wp-block-image\">\n<figure class=\"aligncenter size-full\"><img loading=\"lazy\" decoding=\"async\" width=\"443\" height=\"814\" src=\"https:\/\/www.lucskyturf.com\/wp-content\/uploads\/2024\/05\/image-1.png\" alt=\"\" class=\"wp-image-3835\" srcset=\"https:\/\/www.lucskyturf.com\/wp-content\/uploads\/2024\/05\/image-1.png 443w, https:\/\/www.lucskyturf.com\/wp-content\/uploads\/2024\/05\/image-1-163x300.png 163w\" sizes=\"auto, (max-width: 443px) 100vw, 443px\" \/><\/figure>\n<\/div>","protected":false},"excerpt":{"rendered":"<p>Classement G\u00e9n\u00e9ral Septembre 2025 Classement G\u00e9n\u00e9ral Ao\u00fbt 2025 Classement G\u00e9n\u00e9ral Final Juillet 2025 Classement G\u00e9n\u00e9ral Juin 2025 Classement G\u00e9n\u00e9ral Mai 2025 Classement Final Avril 2025 Classement G\u00e9n\u00e9ral Mars 2025 Classement&#8230;<\/p>\n","protected":false},"author":1,"featured_media":0,"parent":0,"menu_order":0,"comment_status":"closed","ping_status":"closed","template":"","meta":{"jetpack_post_was_ever_published":false,"footnotes":""},"class_list":["post-5332","page","type-page","status-publish","hentry"],"jetpack_sharing_enabled":true,"_links":{"self":[{"href":"https:\/\/www.lucskyturf.com\/index.php\/wp-json\/wp\/v2\/pages\/5332","targetHints":{"allow":["GET"]}}],"collection":[{"href":"https:\/\/www.lucskyturf.com\/index.php\/wp-json\/wp\/v2\/pages"}],"about":[{"href":"https:\/\/www.lucskyturf.com\/index.php\/wp-json\/wp\/v2\/types\/page"}],"author":[{"embeddable":true,"href":"https:\/\/www.lucskyturf.com\/index.php\/wp-json\/wp\/v2\/users\/1"}],"replies":[{"embeddable":true,"href":"https:\/\/www.lucskyturf.com\/index.php\/wp-json\/wp\/v2\/comments?post=5332"}],"version-history":[{"count":10,"href":"https:\/\/www.lucskyturf.com\/index.php\/wp-json\/wp\/v2\/pages\/5332\/revisions"}],"predecessor-version":[{"id":8989,"href":"https:\/\/www.lucskyturf.com\/index.php\/wp-json\/wp\/v2\/pages\/5332\/revisions\/8989"}],"wp:attachment":[{"href":"https:\/\/www.lucskyturf.com\/index.php\/wp-json\/wp\/v2\/media?parent=5332"}],"curies":[{"name":"wp","href":"https:\/\/api.w.org\/{rel}","templated":true}]}}