{"id":4699,"date":"2024-08-01T06:07:29","date_gmt":"2024-08-01T04:07:29","guid":{"rendered":"https:\/\/www.lucskyturf.com\/?page_id=4699"},"modified":"2024-08-31T16:25:03","modified_gmt":"2024-08-31T14:25:03","slug":"classement-challenge-montante-aout","status":"publish","type":"page","link":"https:\/\/www.lucskyturf.com\/index.php\/classement-challenge-montante-aout\/","title":{"rendered":"Classement Challenge Montante Aout"},"content":{"rendered":"\n<p>Classement Final apr\u00e8s derni\u00e8re journ\u00e9e du mois<\/p>\n\n\n\n<p>Le lien vers notre fichier de suivi:&nbsp;<a href=\"https:\/\/lucskyturf-my.sharepoint.com\/:x:\/p\/christophe\/EYCXFWGLBmlEpqt9A8Hx5bIBP_01-iIsqnkslafLGArOZw?e=Rojxhf\" data-type=\"link\" data-id=\"https:\/\/lucskyturf-my.sharepoint.com\/:x:\/p\/christophe\/EYCXFWGLBmlEpqt9A8Hx5bIBP_01-iIsqnkslafLGArOZw?e=Rojxhf\">ici<\/a><\/p>\n\n\n\n<p>A partir du 20\u00e8me jour du mois, un petit signe apparaitra dans la colonne de droite qui vous signalera si vous \u00eates \u00e9ligible au bonus&nbsp;<a href=\"https:\/\/twitter.com\/hashtag\/Genybet?src=hashtag_click\">#Genybet<\/a><\/p>\n\n\n\n<ul class=\"wp-block-list\">\n<li>Coche verte : Le minimum des 20 chevaux a \u00e9t\u00e9 atteint<\/li>\n\n\n\n<li>Point d\u2019exclamation jaune : Entre 15 et 19 chevaux propos\u00e9s<\/li>\n\n\n\n<li>Croix Rouge : Moins de 15 chevaux propos\u00e9s<\/li>\n<\/ul>\n\n\n\n<p>Petit rappel en cas d\u2019erreur de num\u00e9ro si le nom du cheval est cit\u00e9 il devient prioritaire sur le num\u00e9ro indiqu\u00e9.<\/p>\n\n\n<div class=\"wp-block-image is-style-zoooom\">\n<figure class=\"aligncenter size-full\"><img loading=\"lazy\" decoding=\"async\" width=\"272\" height=\"989\" src=\"https:\/\/www.lucskyturf.com\/wp-content\/uploads\/2024\/08\/image-61.png\" alt=\"\" class=\"wp-image-4851\"\/><\/figure>\n<\/div>","protected":false},"excerpt":{"rendered":"<p>Classement Final apr\u00e8s derni\u00e8re journ\u00e9e du mois Le lien vers notre fichier de suivi:&nbsp;ici A partir du 20\u00e8me jour du mois, un petit signe apparaitra dans la colonne de droite&#8230;<\/p>\n","protected":false},"author":1,"featured_media":0,"parent":0,"menu_order":0,"comment_status":"closed","ping_status":"closed","template":"","meta":{"jetpack_post_was_ever_published":false,"footnotes":""},"class_list":["post-4699","page","type-page","status-publish","hentry"],"jetpack_sharing_enabled":true,"_links":{"self":[{"href":"https:\/\/www.lucskyturf.com\/index.php\/wp-json\/wp\/v2\/pages\/4699","targetHints":{"allow":["GET"]}}],"collection":[{"href":"https:\/\/www.lucskyturf.com\/index.php\/wp-json\/wp\/v2\/pages"}],"about":[{"href":"https:\/\/www.lucskyturf.com\/index.php\/wp-json\/wp\/v2\/types\/page"}],"author":[{"embeddable":true,"href":"https:\/\/www.lucskyturf.com\/index.php\/wp-json\/wp\/v2\/users\/1"}],"replies":[{"embeddable":true,"href":"https:\/\/www.lucskyturf.com\/index.php\/wp-json\/wp\/v2\/comments?post=4699"}],"version-history":[{"count":27,"href":"https:\/\/www.lucskyturf.com\/index.php\/wp-json\/wp\/v2\/pages\/4699\/revisions"}],"predecessor-version":[{"id":4852,"href":"https:\/\/www.lucskyturf.com\/index.php\/wp-json\/wp\/v2\/pages\/4699\/revisions\/4852"}],"wp:attachment":[{"href":"https:\/\/www.lucskyturf.com\/index.php\/wp-json\/wp\/v2\/media?parent=4699"}],"curies":[{"name":"wp","href":"https:\/\/api.w.org\/{rel}","templated":true}]}}